- 40, -2*t + 3*c = o*c - 8. Calculate the greatest common divisor of t and z.
14
Let u(o) = 3*o + 0 + o**2 + 3 + 3*o**2. Let g be u(6). Let p be ((-15)/4)/(21/12 + -2). What is the greatest common factor of g and p?
15
Suppose -222 = 4*a - 10*a. Calculate the greatest common divisor of 37 and a.
37
Let k(w) = w**3 + w**2 + w + 48. Let h be k(0). Suppose t = -5*t + h. What is the highest common divisor of t and 2?
2
Suppose 4*u - 4 = 5*y, -u + 3 = -3*y + 2*u. Suppose 0 = -3*a + 5*t - t + 491, 3*t - 3 = y. Calculate the highest common divisor of 15 and a.
15
Let y be (-15)/2*(-64)/24. What is the greatest common factor of 4 and y?
4
Suppose -x - 10 = -3*x. Let b be (4*x*-1)/(-2). Suppose 5 - 45 = -m. What is the highest common factor of m and b?
10
Let f(p) = p + 5. Let j(s) = 2*s + 6. Let g(i) = -3*f(i) + 2*j(i). Let w be g(-3). Let t be w/(-21) - 19/(-7). What is the highest common divisor of t and 3?
3
Let v = -22 + 27. What is the greatest common factor of 10 and v?
5
Suppose 7*o = 9*o - 8. Suppose 0 = 2*h - 2*n - 178, n = -o*h + 3*n + 354. Calculate the highest common divisor of 8 and h.
8
Suppose -4*g + 84 + 12 = 0. Let m(q) = q**2 - 18*q + 29. Let i be m(17). Calculate the greatest common factor of i and g.
12
Suppose n + 0*u = 2*u + 3, -2*u = -5*n - 25. Let y be 1 + -2 - 91/n. What is the greatest common factor of 132 and y?
12
Let y be (-872)/(-56) - 8/14. Calculate the greatest common divisor of 75 and y.
15
Let j = -6 + 6. Suppose 62 = 2*y + 4*g, 3*y + j*y + g = 93. Suppose 5*v - 5*s = 50, 3*v - y = 3*s - s. What is the highest common factor of v and 99?
11
Suppose -21*d = -311 - 4. Suppose 5*b - 521 = -3*j + 5*j, 2*b = -2*j + 214. Calculate the highest common factor of d and b.
15
Suppose s - 5*s + 200 = 0. Calculate the greatest common divisor of 10 and s.
10
Suppose -1 = -k + 2*o, -4*k + 4*o - 23 = -7*k. Let d be -20 + k + 0 + 1. Let y be (-4)/d + (-132)/(-28). What is the highest common divisor of y and 1?
1
Suppose 0 = 4*b + 4, -3*b + 8*b = 2*q - 9. Suppose 0 = -3*u + 9, -5*i + q*u + 84 = -3*i. Calculate the highest common divisor of i and 30.
15
Suppose -2*p = -7*p, -5*m - 4*p = 0. Let c = 11 + m. Calculate the greatest common divisor of 77 and c.
11
Let n(d) = 2*d**3 - 2*d**2 - 3*d - 6. Let f be n(6). Let l = f + -224. What is the highest common factor of l and 14?
14
Let a(g) = -g**3 - g**2 + g - 3. Let j be a(0). Let y = j - -9. What is the greatest common factor of y and 54?
6
Let d(k) = k + 5. Let u be d(4). What is the greatest common divisor of 6 and u?
3
Suppose -3 - 1 = 4*n, 4*n = -2*x + 128. Calculate the highest common divisor of x and 6.
6
Suppose -3*q = 9, -8*q + 4*q = -3*g + 135. What is the highest common factor of g and 41?
41
Let q(l) = l**2 - 6*l + 4. Let u be q(6). Suppose -2*h = -m + 5, m = -4*m + u*h + 37. What is the highest common factor of m and 81?
9
Let f be 6/18 + 448/6. What is the highest common divisor of f and 25?
25
Suppose 3*f + 3 = 6*f. Let z be (1/(-1) - -2) + 19. Suppose 11*g - z = 6*g. What is the greatest common factor of g and f?
1
Let s(t) = t**3 - 5*t**2 - t - 21. Let f be s(6). What is the greatest common factor of f and 1?
1
Let x be (-1)/(-3) - 5328/(-54). Let n = 26 - 17. What is the highest common factor of x and n?
9
Let o(c) = c**2 - 3*c + 4. Suppose 2*w + 22 = 5*h, 5*h + 3*w - 9 = 2*h. Let d be o(h). Suppose a = -3 + 11. Calculate the highest common factor of a and d.
8
Suppose 7 = -3*u - 4*v + 37, -2*u + v + 9 = 0. What is the highest common factor of 12 and u?
6
Let l(k) = k + 18. Let c be l(-12). What is the greatest common factor of 18 and c?
6
Let p(j) = j**2 + 5. Let v be p(4). Let y = v - 9. What is the greatest common divisor of y and 12?
12
Suppose -5*g - 4*s = 6, 4*s + 10 + 6 = 0. Calculate the highest common factor of 4 and g.
2
Let t be (-18)/(-14) + (-6)/21. Let q be ((-40)/(-12))/(t/3). What is the highest common factor of q and 50?
10
Let d(l) = -l**3 - 8*l**2 - 2*l - 12. Let y be d(-8). What is the greatest common factor of 1 and y?
1
Suppose 54 = 14*p - 30. What is the highest common divisor of 15 and p?
3
Suppose -9*r - r = -170. What is the greatest common factor of 136 and r?
17
Let n be 1*3 - (-35)/(-14)*-56. What is the highest common factor of n and 13?
13
Let s be (-3 - 20/(-6))*105. Suppose -2*c + c = -s. What is the greatest common divisor of c and 5?
5
Suppose -1020 = -4*g - 4*v, -g + 204 = -5*v - 57. Calculate the greatest common divisor of 32 and g.
32
Let f = 0 + -3. Let g = 11 - f. What is the highest common factor of g and 154?
14
Let d be -2 + 3 - 3*118. Let h = d - -498. Suppose h - 25 = 3*g. What is the greatest common divisor of 8 and g?
8
Let r(m) = -43*m**3 - m**2 - m - 1. Let b be r(-1). Let y(p) = 5*p**2 - 3*p. Let z be y(2). Calculate the highest common factor of b and z.
14
Let o = 24 + -17. Suppose 137 = 3*s - 10. Calculate the greatest common divisor of o and s.
7
Let f(y) = y**3 + 4*y**2 - 8*y - 12. Let b be f(-5). Calculate the greatest common factor of b and 6.
3
Suppose 2*l - 12 = -3*y, 0*l + 5*y - 6 = -l. Calculate the greatest common divisor of 12 and l.
6
Let i(t) = -3*t**3 + 2*t**2 - t. Let v be i(2). Let n = -47 + 46. Let f be (4 + -3)/(n/v). Calculate the highest common factor of 72 and f.
18
Let k = 40 + -23. What is the greatest common factor of k and 136?
17
Let f(j) = j**2 - 4*j + 4. Let h be f(4). Suppose 0 = 4*y - 4*x + h, -4*y + 3*x = 2*x - 11. Calculate the greatest common divisor of y and 36.
4
Suppose 2*b - 22 = -4*n, 6*n - 21 = -2*b + n. Let s be (-2*1)/(6/(-273)). Calculate the highest common divisor of s and b.
13
Let d = 4 + -3. Suppose 2*c - 41 = -d. Calculate the greatest common factor of c and 50.
10
Let m(w) = w**3 - 2*w**2 - w. Let z = -1 + 2. Suppose -3*b + 4*f = z, -49 = -5*b - 5*f - 4. Let o be m(b). What is the highest common divisor of 28 and o?
14
Suppose 0 = -2*i + 5*i. Suppose i*x + 2*x = 8, -x + 32 = 4*y. What is the greatest common divisor of 77 and y?
7
Let h be -3 - (0 - (180 + 1)). Let k be h/(-5) + 2/(-5). Let m = -10 - k. Calculate the greatest common divisor of m and 65.
13
Let y = -2 + 3. Suppose 3*i + 11 = 4*i. What is the highest common divisor of y and i?
1
Let l(v) = -v + 4. Let g be l(4). Suppose g*u + 2*u = 0. Suppose h + h - 90 = u. What is the highest common divisor of h and 5?
5
Let p = -4 - -1. Let v(g) = -g**3 - g**2 - 2*g. Let y be v(p). Calculate the highest common factor of 48 and y.
24
Let b be (33/12)/(3/12). Suppose u - 39 = 60. What is the highest common factor of u and b?
11
Let c(j) = -j**2 - j + 1. Let f be c(0). What is the greatest common factor of f and 5?
1
Let o(k) = -k**3 + 6*k**2 + k - 2. Let n be o(5). What is the greatest common factor of 42 and n?
14
Let t(q) = 5*q**2 + 3*q + 5. Let l be t(-5). Let a = l + -55. Let u be ((-72)/(-10))/(6/a). Calculate the greatest common divisor of 9 and u.
9
Suppose -2*v + 4 = -y - y, y = -v + 2. Suppose -4*l + 0*d + v*d = -182, -l + 4*d + 28 = 0. What is the greatest common divisor of l and 12?
12
Let d(i) = i**3 - i - 2. Let u(z) = -z**2 - 5*z + 6. Let o be u(-6). Let b be d(o). Let k be (3 - 2) + (-108)/b. Calculate the highest common factor of 5 and k.
5
Suppose -5*z + d + 2 = -2*d, 2*z + 2*d - 4 = 0. What is the greatest common factor of z and 1?
1
Suppose 0*a - 12 = 4*a. Let d be (a/(-2))/((-1)/(-20)). Let y be (6/(-4))/((-6)/24). What is the greatest common factor of d and y?
6
Let l(r) be the third derivative of r**5/60 - r**4/12 + r**3/3 + 5*r**2. Let b be l(4). Calculate the greatest common factor of 4 and b.
2
Suppose -18 = -3*n - 3*u, -5*u + 3 + 2 = 0. Let d be (30/25)/(2/n). Calculate the highest common factor of 33 and d.
3
Let b(u) = u**3 - 12*u**2 + 15*u + 3. Let m be b(11). Let s = m - 25. Calculate the greatest common factor of 55 and s.
11
Suppose 2*k = 4*k + 6, 4*v - 101 = -k. What is the greatest common divisor of 13 and v?
13
Suppose 4*d + 3*x - 11 = 0, 6*x = -4*d + 9*x + 29. What is the highest common divisor of d and 45?
5
Let w(j) = j**3 - 4*j**2 - 4*j + 11. Let t be w(5). What is the highest common divisor of 176 and t?
16
Let w = -62 + 116. Let v = 99 - w. What is the highest common factor of v and 9?
9
Let i = -6 - -16. Let a = 25 + -5. Calculate the highest common factor of i and a.
10
Suppose 0